 -13)?
30
What is the value of 9 - 16 - -7 - -22 - -4?
26
What is -10 - ((-146 - -74) + 10 + -1 + 12 - 14)?
55
(4 - (25 - 10)) + (-1 + 37 - 22)
3
-10 - (30 - 14 - 8) - 22
-40
Calculate 3 - 6 - (-14 - 1 - (-229 - -228)).
11
What is (-15 - (8 + (-16 - (-12 - 0)) - 15)) + -25?
-29
32 + -126 + 110 + 5 + -8
13
Calculate (-303 - -304) + (90 + -8 + 0 - (0 - -4)).
79
What is the value of 43 + 45 + -110 + -60?
-82
56 + 2 - (-182 + 104 - -48)
88
What is -40 - (113 + -156 + (1 - -34))?
-32
What is the value of -477 + 483 + -3 + 1 - (2 + 0 + -8)?
10
Evaluate -21 - (-6 + -24) - (0 + (1 - 9 - -1)).
16
Evaluate 1 - 79 - (-47 - (-36 - 13)).
-80
What is the value of (-77 - -67 - 55) + 42?
-23
-499 + 511 + -2 + 9 + 63
82
What is (7 - -1) + (-3 + -47 - -17)?
-25
Calculate 38 - (-19 - (-9 - -4)) - 8 - 8.
36
What is 14 + (21 - 52) - (-1 + 2)?
-18
Calculate -323 - -361 - (164 - 2) - -15.
-109
-1 + 4 + -88 + 3 + (20 - (-21 - -35))
-76
Calculate -2 + 71 + -36 + -41 + (-1 - 46).
-55
Evaluate (1 - -17) + (-12 - -84) + -20.
70
Calculate -90 + (-42 - -24) + 56.
-52
Evaluate (218 - 196) + (5 - 33).
-6
What is the value of -6 - (8 + 5 + (-31 - 29) - (-7 + -1))?
33
What is the value of 5 - (19 - (10 + -34) - 79)?
41
What is (-3 - -1) + (-30 + -6 - (261 + -271))?
-28
What is the value of -4 + 8 - 14 - (-22 + 59) - -6 - -14?
-27
What is (-88 + 100 - (-2 + 8)) + -30 + -1?
-25
What is the value of -82 + 83 + (-8 + -13 + 13 - (57 - 1))?
-63
19 - 0 - (2216 - 2187)
-10
Calculate -113 + -1 - (11972 - 12118).
32
165 - 24 - (213 + -83)
11
What is 19 - 40 - -12 - (-1 + -7 - -2)?
-3
Calculate (0 - -9) + 16 + -16 + 2 + (7 - 2).
16
-14 + -1 + 37 + 24 - (2 - 1)
45
What is the value of 17 + 8 + -18 + 10 + -15?
2
Evaluate -16 - 5 - -11 - (-27 + (13 - 0)).
4
Calculate 7 - 0 - (183 + -135 + (6 - 19) + 31).
-59
-30 + -39 + 34 + 36 + (2 - 77)
-74
What is -72 + (-16 - (-68 + -28))?
8
Evaluate 17 - (85 + 7 + -7 + -41 + 26).
-53
What is the value of (242 - 101 - 125) + 0 + -46?
-30
Calculate 59 + 19 + (82 - (-28 + 77)).
111
146 + (-4 - 46 - (-57 - -45))
108
Calculate -2 + 44 + (11 - (8 - 20 - -26)) + 4.
43
Evaluate 3 + (120 - 106 - (-2 - -49)).
-30
What is -115 - (-77 + (-55 - -56))?
-39
What is the value of -849 + 883 + (6 - -15) + -5?
50
Calculate -2216 + 2149 + (0 - -52) + (-2 - 0 - 118).
-135
(65 - (1 + -16 - -8)) + (-8 - 1) - 1
62
Calculate 12 + (0 - -9) + -23 - -22.
20
What is (-133 - -47) + 238 + -44?
108
What is 101 + (-83 - 18) - -2?
2
Evaluate -106 - (-10 + 3 + 20 + -11 + -6 + 2).
-104
What is -37 + -16 + -29 + 105?
23
Evaluate (7 + 0 + 16 + 0 - 10) + -51.
-38
What is the value of (-29 - (30 + -32)) + -22 - -16?
-33
6 + 4 + (32 - 38) + -9
-5
What is the value of -2 + 40 - (-1405 + 1437)?
6
(32 - -16 - 51) + (2 - -41)
40
What is 10 - (-12 - (-3 + (31 - 18)))?
32
What is -18 + 21 + (-1 + 3 - 7) - (-372 + 383)?
-13
Calculate -69 + (-74 - -141) - 35.
-37
Evaluate 49 - 1 - 54 - 34.
-40
What is the value of 3 + -25 + 12 + 29 - 52?
-33
What is the value of 87 + 5 - (-2812 - -2952)?
-48
What is -85 - 5 - -122 - (0 - -2)?
30
What is -95 + (-28 - (-23 + -16 + 20) - -2)?
-102
What is 12 - 0 - (0 - (7 + -6))?
13
2 - 40 - (8658 - 8665)
-31
Calculate -4 + 2 + 13 - -19.
30
Evaluate -145 + 113 - (38 + 6 + -3).
-73
Evaluate 7 + (87 - 96) + (-8 + 7 - -13).
10
-21 - (-5 + -7 + 41)
-50
What is 1 + 15 + 14 + 49 + -122?
-43
Calculate 5 - (-2 + 0 - -9) - ((-13 - -8) + -62).
65
Evaluate -13 - (-6 - (8 + -14 - -13) - 45).
45
-7 + -1 + 1 + 109 + -89 + (-11 - 9)
-7
56 + -110 - (-12 - 5)
-37
(40 - (4 - 4 - -2)) + (-35 - (-22 - 11))
36
(11 - (1 + -32 + 9)) + -56
-23
(-132 - (-76 + -44)) + -7
-19
92 - (1 - -62 - 18)
47
Calculate -113 - (10 - (49 + 83)).
9
What is 0 + -50 + (24 - -27 - 49) + 6?
-42
What is (67 - 26) + -27 + 2?
16
Evaluate 17 - ((-57 - -37) + 32).
5
Calculate (-58 - (61 + -114)) + (1 + 0 - (-80 - 3)).
79
Calculate 25 - 1 - (-2 + (-14 - -14 - -7)).
19
Calculate -5 + (1 - (-14 - -3)) + -12 + 32.
27
What is the value of -3 - (3 - -15) - ((-58 - -30) + 47)?
-40
What is 37 - -35 - 48 - (2 - (-5 + 2))?
19
Calculate -33 - 2 - 19 - -15.
-39
Evaluate -40 - (21 + -32 + -3 + 2 + 4).
-32
What is the value of 10 - (-61 - (-46 + 4))?
29
Calculate (-47 - -18 - -126) + -34 - -19.
82
What is the value of 2 + 1 + -9 - (-2 - -6) - 12?
-22
What is the value of (248 - 258) + (0 + (1 - 4) - -4 - -40)?
31
What is the value of 5 + -29 + -18 + 37?
-5
(2 - -9) + 61 + -108 + 22 - (-2 - -1)
-13
What is the value of -54 - (-25 + 13) - -6 - 2 - -2?
-36
Evaluate -59 + (15 - (29 - 9) - -11).
-53
Calculate -2 - (-6 - -16) - (-23 - (-22 - -11)).
0
Calculate 0 + 3 + -1 + (21 - (137 - 74)).
-40
What is (-110 - (94 - 252)) + -17 + 1?
32
What is the value of -152 - -84 - (-51 + -78)?
61
Calculate -25 + 88 - 42 - -53.
74
(19 - (26 - 13)) + (111 - 52)
65
(11 - (11 + (-4 - -8))) + 10 + (-1 - 9)
-4
-68 - ((-27 + 47 - 22) + -26)
-40
What is the value of -1 + -20 + 25 + -12 + 75 + -1?
66
What is the value of (58 - 1) + -4108 + 4067?
16
Calculate 2 + 30 - ((-5 - 29) + 40).
26
What is the value of 8 - (39 + -65 + 15)?
19
Evaluate (-14 - (-59 + 9 - 18)) + -5 + -14.
35
What is the value of 10 - ((1 - -5 - (98 + -92)) + 25)?
-15
(-15 - -1) + 5 + -4 + -211 + 300
76
Evaluate -41 + (45 - -7) - 58.
-47
Calculate -58 + 35 - -14 - (-29 - 8).
28
Evaluate 107 - (75 + 24) - ((4 - -1) + -2).
5
What is (27 - ((-17 - (-15 - 12)) + 5)) + -26?
-14
Calculate -7 - -2 - ((6 - 12) + -3 + 3).
1
What is ((-10 - (-4 - -7)) + (10 - 1) - -24) + -5?
15
59 - ((-1 - 4) + (107 - 122) - (1 + -14))
66
Calculate 29 + (-47 - 10 - 31).
-59
Evaluate -4 + -4 + (-1 - 1) + 0 - (-164 - -153).
1
What is 25 + -37 + -8 + (-2 - 4)?
-26
What is the value of (15 - 6 - -13) + (-17 - ((6 - 3) + -12))?
14
Calculate -37 - -139 - (34 + 24).
44
Evaluate -8 + (0 - (3 + -11)) + 24 + -88 + -9.
-73
What is -3 + -53 + 20 + (-13 - (-13 - -8))?
-44
What is the value of (368 - 306) + -4 + -96?
-38
What is the value of (-3 - 2) + (-1 - (11 + 0) - (-145 - -114))?
14
What is 29 + -4 - (-63 - (-54 + 4))?
38
Evaluate (9 - (-8 - (-6 - -5) - -24)) + -28 - 8.
-44
Calculate 59 - (35 - -30) - -63.
57
Calculate -2 + -29 + 1 + 910 + -925.
-45
What is -3 - 15 - (-14 + 8) - (-16 - 0)?
4
What is the value of 6 + -77 + -5 + (-41 - -51)?
-66
What is (-88 + 153 - 115) + -24?
-74
(23 - 33 - (8 + -5 + 3)) + 7
-9
Evaluate 12 + 67 + -46 + (-27 - -3).
9
What is the value of (-6 - (-16 - -6) - (35 - 25)) + 14 + -48?
-40
What is the value of 307 + -288 + -34 - (-14 + -1)?
0
What is 2 - -15 - (-1277 - -1233)?
61
What is (-11 - -4) + 0 + -1 + (421 - 459)?
-46
Calculate 0 - (-74 + 132) - (-51 - -7).
-14
Calculate 109 - (-17 + -4 + -1 + 9 + (-3 - -12)).
113
Evaluate (-4 - (-4 - (0 + -6))) + 15 + -9 + -56.
-56
Evaluate -25 + 13 + (-15 - -9 - -10) + -21.
-29
Calculate (-9 - (41 - 10)) + 51.
11
Calculate -6 + 1 - (16 + 23 + 11 + (1 - -8)).
-64
What is the value of 0 - ((1 - 1 - (15 + -67)) + -11 + 13)?
-54
Evaluate -4 - 1 - ((18 - 10) + -9 + 0 - 4).
0
-17 - ((-6 - 10) + 11 + -7 + -12)
7
What is the value of -29 - -17 - (17 - 54)?
25
Calculate 6 - (-9 + -3 + -14 + -25).
57
Calculate (45 - (-8 - -87)) + 10.
-24
-21 + 7 + (6 - 12) + 9 + 7 - -18
14
What is the value of -48 + (-55 - -91) - (10 - 83)?
61
Calculate 53 + (3 + 24 - 56).
24
-20 + 42 - (-6 + 35 + 1)
-8
Calculate -1892 - -1908 - (-1 - 38).
55
Calculate -110 + 217 + -85 + 1 + 10.
33
What is the value of -4 + -1 - (-159 - -148 - (-2 - 1) - -7)?
-4
What is the value of -58 + 39 + -7 - -24?
-2
What is 7 + (-174 - -123 - (3 - 16))?
-31
-114 + 39 + 56 - -51
32
Calculate 90 - (-1400 - -1417 - (17 + -1)).
89
(33 - 24 - (2 + 7) - (-5 - -7)) + 26
24
Calculate -10 + (0 + -2 + -106 + 123 - -8).
13
Evaluate 4 + -34 + 203 + -165 + (-47 - 3).
-42
Calculate -85 + (-1 - (3 + 1)) + -32 + 29.
-93
What is the value of -176 + 17 - (-10 - 5 - 11)?
-133
Calculate (-4 - (17 + 26)) + 4 + (5 - (9 - 5)).
-42
What is (-2 + (-3 - -2) - (17 - 22)) + (581 - 636)?
-53
What is the value of (128 - 79) + -59 + 5 + 0 - (1 + -54)?
48
What is the value of (-1 - 9) + (162 - 143) + 6 - -66?
81
Calculate 2 + -13 - ((0 - -1) + 15 - (196 - 193)).
-24
Evaluate (-1 - 3) + (29 + -7 - 34) - -4.
-12
Calculate 1 - ((-17 + 0 + 10 - -2) + 39 + 3).
-36
Evaluate -10 - 37 - (36 - 36 - 4).
-43
Evaluate (4 - 1) + -1 - (66 + -10 + -5